ulate the remainder when u(-14) is divided by 12.
7
Let w be ((-8)/6)/(14/(-1869)). Let c = w + -160. Calculate the remainder when 87 is divided by c.
15
Let f = -5041 + 5067. Calculate the remainder when 3040 is divided by f.
24
Let y(g) = 5*g**2 - 131*g + 715. What is the remainder when 687 is divided by y(7)?
42
Let a = 4375 + -1011. Calculate the remainder when a is divided by 187.
185
Suppose 0 = 170*j + 7706 - 9066. Let u = -25 + 191. Calculate the remainder when u is divided by j.
6
Let h(g) = -23*g - 248. What is the remainder when 3589 is divided by h(-19)?
187
Suppose 5*x + 16 = 96. Calculate the remainder when 33/(-6)*56/(1 - 8) is divided by x.
12
Suppose 0 = -2*g - 5*c - 3 + 33, -2*c + 44 = 4*g. Suppose 4*z - 68 = 4*n, -2*n = -0*n - g. Let x = -71 + 157. Calculate the remainder when x is divided by z.
20
Let i(x) = 111 - 11*x**2 - 11*x - 56 - 114*x**3 - 56. What is the remainder when i(-1) is divided by 40?
33
Suppose -v = -29 + 23. Let a(c) = 2*c + 16. Suppose -8*p + 2*p = -1338. What is the remainder when p is divided by a(v)?
27
Suppose 4*b = x - 2*x + 28, 5*b = 15. What is the remainder when ((-246)/8)/((-2)/(-8)*10/(-490)*21) is divided by x?
15
Suppose 326*w - 325*w + 1032 = 4*s, -3*w + 1048 = 4*s. What is the remainder when s is divided by 39?
25
Let y(h) = h**3 - 26*h**2 - 6*h + 250. What is the remainder when 152 is divided by y(26)?
58
Suppose -3*h - 117 = -5*m + 247, -2*h + 278 = 4*m. Suppose m*x - 76*x + 80 = 0. Calculate the remainder when 139 is divided by x.
11
Suppose -8092 = -6*a + a - 2*a. What is the remainder when 2318 is divided by a?
6
What is the remainder when (-678574)/1196*-23 - (-5)/(-2) is divided by 18?
15
Calculate the remainder when 242 is divided by (-1 + 3)*((-2205)/14)/(-5).
53
Let a(h) = 82*h**2 + h + 3*h - 5*h + 3*h. Let l be a(1). Let o = l + -45. Calculate the remainder when o is divided by 14.
11
Let r be ((-228)/8)/(12/(-56)). Suppose -83 = -6*t + r. Let d = 182 + -163. Calculate the remainder when t is divided by d.
17
Suppose 13*m = 16*m - 9. Let a = 4 + m. Suppose a = u - 3. What is the remainder when 39 is divided by u?
9
Let v = 3540 - 3220. Calculate the remainder when v is divided by 56.
40
Suppose 0 = 6*r - 4*r + 12. What is the remainder when 3 - -6 - (r + -452) is divided by 13?
12
Let o be ((-60)/45)/(2/3). Suppose 0 = -4*r - k, -k - 4*k - 19 = r. What is the remainder when ((2 - 108)/o)/r is divided by 27?
26
Suppose -635*o + 637*o = 1544. What is the remainder when o is divided by 78?
70
Let p = 62 + -42. Let r be 4/((-76)/p - -4). Suppose -22*i + 200 = -r*i. Calculate the remainder when i is divided by 21.
16
Suppose 12 = -2*n, 0 = 5*b + 4*n - 50 - 2036. What is the remainder when 452 is divided by b?
30
Suppose -5*t + 45 = -s, 60 = -3*t + 7*t + 4*s. Suppose 25*b = -2*b + 540. Calculate the remainder when b is divided by t.
0
Calculate the remainder when (1 - 867/7)/((-44)/308) is divided by 146.
130
Suppose 88*h - j = 85*h + 13916, -3*h + 13921 = -2*j. Calculate the remainder when h is divided by 145.
142
Suppose -609 = -s - 2*s. Let r = 36 - -15. What is the remainder when s is divided by r?
50
Suppose -4*t = 39*t - 6364. Calculate the remainder when 261 is divided by t.
113
Let z(f) = 29*f - 15. Suppose 0 = -7*l + 9*l + 3*y - 7, 5*l - 26 = y. What is the remainder when z(l) is divided by 22?
20
Let s(f) = -7*f**3 + 4*f**2 + f - 18. What is the remainder when 410 is divided by s(-3)?
2
Let i(u) = 42*u - 186. What is the remainder when 535 is divided by i(7)?
103
Let l = 1409 - 791. Let h = -476 + l. What is the remainder when h is divided by 67?
8
Let a be 1 - (2 + -1 - 1). Let m = -581 + 585. Suppose -x - a = 2*t - 3, 34 = 5*x + m*t. Calculate the remainder when 35 is divided by x.
5
Let n(i) = 2*i - 2. Suppose -13*m = -16*m + 96. Let w = -15 + m. Calculate the remainder when w is divided by n(4).
5
Suppose 57 + 3 = 3*d. Let t(m) = -6*m - 586. Let b be t(29). Let y = b - -817. What is the remainder when y is divided by d?
17
Let t = 38 + -43. Let l(n) be the first derivative of -3*n**2 - 20*n - 61. What is the remainder when 49 is divided by l(t)?
9
Let i = -136 - -104. Let u = -26 - -66. Let d = i + u. What is the remainder when 28 is divided by d?
4
Let x(o) = 2*o**3 + o**2 - 4*o - 3. Let j be x(-2). Let c be 3/21 + 15/j. Calculate the remainder when c/1 - 2*(-185)/10 is divided by 19.
16
Let i = 4147 - 4086. What is the remainder when 243 is divided by i?
60
Suppose 2*n - 5*a = 6 + 17, -2*n + 4*a = -20. Calculate the remainder when 28 is divided by (20/5)/n - -2.
1
Let m(u) = u**3 - 34*u**2 - 62*u + 143. What is the remainder when m(36) is divided by 23?
20
Let v be (3288/72)/((-2)/18). Let b = -393 - v. What is the remainder when 73 is divided by b?
1
Let z(t) = -7*t - 153. Let w be z(-17). Calculate the remainder when 292 is divided by (-731)/w - 3/6.
19
Let f = 98 + 4. Let p be ((-1)/(-3))/((-8)/(-96)). Suppose 165 = p*d + 5*x, 2*d - 111 = -2*x - 31. Calculate the remainder when f is divided by d.
32
Let n = 338 - 273. Suppose -4*h - h + n = 0. Suppose 0 = 5*s - 10, 3*s + 2*s = -4*i + 110. What is the remainder when i is divided by h?
12
Suppose 4893*j - 4965*j + 20232 = 0. What is the remainder when 1675 is divided by j?
270
Let g be 40/16 + (-2)/(-4). Suppose -g*u + 2*c = -2*c - 18, -4*u + 2*c = -34. Suppose u*p - 156 = 4*p. Calculate the remainder when 102 is divided by p.
24
Let t(d) = d**3 + 6*d**2 + 9*d + 6. Let p be t(-2). Suppose 4*q = 5*j + 74 - 575, -401 = -p*j + 3*q. What is the remainder when j is divided by 8?
5
Suppose 58*z = 2*w + 53*z - 823, -3*w + 1260 = z. Let j = 449 - w. Let m = -178 + 415. What is the remainder when m is divided by j?
27
Let j(n) = 6*n**2 - 102*n + 952. Calculate the remainder when j(12) is divided by 33.
31
Let t(y) = 70*y**2 - 1. Suppose 5*u + j = -1884 + 226, 0 = j - 2. What is the remainder when t(-1) is divided by u/(-14) + 12/42?
21
Let y(d) = -8*d + 2. Calculate the remainder when y(-11) is divided by 792/64 - 12 - 724/(-32).
21
Let g = -18525 - -18832. What is the remainder when 1523 is divided by g?
295
Let h(u) = -10*u - 662. Calculate the remainder when 3070 is divided by h(-71).
46
Suppose 3*l - 5*j = 313, -6*j = -2*l + 55 + 159. What is the remainder when 329 is divided by l?
26
Suppose 4*m = 140 + 124. What is the remainder when (-104)/(-10)*(-3 - 64/12)*-3 is divided by m?
62
Let u = -3214 + 3270. Calculate the remainder when 1119 is divided by u.
55
Let n = 23 + -7. Let y(l) = -l**2 + 5*l + 105. Let d be y(13). What is the remainder when 61/d + (-9 - -8) is divided by n?
12
Let u be (-2 - 3/6)*-2. Suppose u*z - 34 = 4*z. Suppose -10*k = -121 + 31. Calculate the remainder when z is divided by k.
7
Suppose -30*j + 6854 = 2684. Calculate the remainder when 812 is divided by j.
117
Suppose 85*s = 75*s - 80. Let n(y) = 9 + 20 + 0*y + y + 12. What is the remainder when n(s) is divided by 12?
9
Let b be (-21 + 22)/((-2)/12)*-30. Suppose -214 = -2*k - b. Calculate the remainder when 46 is divided by k.
12
Suppose -3*k - q = -264, 835*q + 12 = 837*q. Suppose 0 = 7*y - 3*y - 8. Suppose 2*d - 88 = -y*d. What is the remainder when k is divided by d?
20
Suppose 5*z = 11*z - 5040. What is the remainder when z is divided by 47?
41
Suppose 1244 = -51*g + 55*g. What is the remainder when g is divided by 15?
11
Suppose 10 = 2*v, 2*v + 98 = 2*w - 80. What is the remainder when 2161 is divided by w?
93
Let d = 8730 - 8629. Suppose 2*m = -2*m - 140. Let b = m + 61. Calculate the remainder when d is divided by b.
23
Let r(f) = -f**2 - 122*f - 1171. Calculate the remainder when r(-49) is divided by 29.
28
Let b(r) = 18*r - 896. What is the remainder when 1010 is divided by b(51)?
20
Let y = 415 + -711. Let t = y + 297. Calculate the remainder when 30 is divided by t.
0
Let l = 16 + 17. Let j = 2 + -2. Let q = 18 - j. Calculate the remainder when l is divided by q.
15
Suppose 0 = -87*a + 85*a - 3*c + 1355, 0 = a - c - 675. What is the remainder when a is divided by 136?
132
Suppose -2*i - 45 + 127 = 0. Calculate the remainder when i is divided by 240/28 - (-4)/(-7).
1
Let g = 4728 + -4720. Calculate the remainder when 5397 is divided by g.
5
Suppose -4*d = -5*f + 468, 5*f - 61*d - 471 = -58*d. Calculate the remainder when 588 is divid